{"id":11748,"date":"2018-06-21T06:17:11","date_gmt":"2018-06-21T06:17:11","guid":{"rendered":"http:\/\/s-und-o-ladenbau.com\/start\/?page_id=11748"},"modified":"2018-09-18T09:57:22","modified_gmt":"2018-09-18T09:57:22","slug":"datenschutz","status":"publish","type":"page","link":"https:\/\/s-und-o-ladenbau.com\/start\/datenschutz\/","title":{"rendered":"Datenschutz"},"content":{"rendered":"<p>S&amp;O Ladenbau Planungs- und Vertriebs GmbH <a href=\"http:\/\/s-und-o-ladenbau.com\/start\/impressum\/\">(Anschrift siehe Impressum)<\/a> nimmt den Schutz Ihrer pers\u00f6nlichen Daten ernst und h\u00e4lt sich strikt an die Regeln der Datenschutzgesetze. Personenbezogene Daten werden auf dieser Webseite nur im technisch notwendigen Umfang erhoben. In keinem Fall werden die erhobenen Daten verkauft oder aus anderen Gr\u00fcnden an Dritte weitergegeben. Die nachfolgende Liste gibt Ihnen einen \u00dcberblick dar\u00fcber, wie wir diesen Schutz gew\u00e4hrleisten und welche Art von Daten zu welchem Zweck erhoben werden.<\/p>\n<p>1. Gespeicherte Daten<br \/>\nUnvermeidlich ist, dass in den Serverstatistiken automatisch solche Daten gespeichert werden, die Ihr Browser uns \u00fcbermittelt. Dies sind Browsertyp und Browserversion, das verwendete Betriebssystem, die Referrer URL (die zuvor besuchte Seite), der Hostname des zugreifenden Rechners (IP Adresse) sowie die Uhrzeit der Serveranfrage. Diese Speicherung dient lediglich internen systembezogenen und statistischen Zwecken. Weitergehende personenbezogene Daten werden nur erfasst, wenn Sie diese Angaben freiwillig, etwa im Rahmen einer Anfrage und der Registrierung, machen. Die oben genannten Daten sind f\u00fcr uns in der Regel nicht bestimmten Personen zuzuordnen, eine Zusammenf\u00fchrung dieser Daten mit anderen Datenquellen wird nicht vorgenommen.<\/p>\n<p>2. Verwendung von Cookies<br \/>\nDiese Domain verwendet an mehreren Stellen so genannte Cookies. Sie dienen dazu, unser Angebot nutzerfreundlicher, effektiver und sicherer zu machen. Cookies sind kleine Textdateien, die auf Ihrem Rechner abgelegt werden und die Ihr Browser speichert. Cookies richten auf Ihrem Rechner keinen Schaden an und enthalten keine Viren.<\/p>\n<p>3. Google Analytics oder andere Webanalysedienste<br \/>\nDiese Website benutzt keine Webanalysedienste, aber Google Maps (Hier finden Sie den Link zur <a href=\"https:\/\/www.google.com\/intl\/de_ALL\/cloud\/security\/gdpr\/\">Datenschutzverordnung<\/a> von Google)<\/p>\n<p>4. Externe Links<br \/>\nIm Web-Auftritt der S&amp;O Ladenbau Planungs- und Vertriebs GmbH werden externe Links verwendet. F\u00fcr diese Seiten und die dort von Ihnen eingegebenen Daten gelten die Datenschutz-Erkl\u00e4rungen der jeweiligen Betreiber der Web-Auftritte.<\/p>\n<p>5. Sicherheit<br \/>\nWir setzen technische und organisatorische Ma\u00dfnahmen ein, um Ihre durch uns verwalteten Daten gegen zuf\u00e4llige oder vors\u00e4tzliche Manipulationen, Verlust, Zerst\u00f6rung und gegen den Zugriff unberechtigter Personen zu sch\u00fctzen. Unsere Sicherheitsma\u00dfnahmen werden entsprechend der technologischen Entwicklung laufend verbessert.<\/p>\n<p>6. Kontakt<br \/>\nWenn Sie Fragen oder Anregungen zum Datenschutz oder zur Verarbeitung Ihrer pers\u00f6nlichen Daten bei uns haben k\u00f6nnen Sie sich an unseren Datenschutzbeauftragten wenden.<br \/>\ndatenschutzbeauftragter@s-und-o-ladenbau.de.<\/p>\n<p>7. Auskunft anfordern<br \/>\nAuf Anforderung haben Sie das Recht von uns eine Best\u00e4tigung zu verlangen, ob personenbezogene Daten von Ihnen verarbeitet werden. Ist dies der Fall, besteht ein Recht auf Auskunft \u00fcber diese personenbezogenen Daten. Bitte senden Sie Ihre Auskunftsanforderung an datenschutzbeauftragter@s-und-o-ladenbau.de.<\/p>\n<p>Erweiterte Informationen zum Datenschutz nach Art. 13 DSGVO<\/p>\n<p>Verantwortlicher und Datenempf\u00e4nger:<br \/>\nS&amp;O Ladenbau Planungs- und Vertriebs GmbH<br \/>\nAmtsstra\u00dfe 2c, 19246 Zarrentin<br \/>\nTel +49 38851 3309-0, Fax +49 38851 3309-28, info@s-und-o-ladenbau.de<\/p>\n<p>Kontaktdaten Datenschutz:<br \/>\ndatenschutzbeauftragter@s-und-o-ladenbau.de<\/p>\n<p>Zweck der Verarbeitung:<br \/>\nAbwicklung unserer Dienstleistungen f\u00fcr die m\u00f6glicherweise<br \/>\npersonenbezogene Daten erforderlich sind.<\/p>\n<p>Rechtsgrundlage der Verarbeitung:<br \/>\nArt. 6 Abs. 1 lit. b DSGVO, wenn f\u00fcr die Erf\u00fcllung<br \/>\neines Vertrags erforderlich \/ Art. 6 Abs. 1 lit. A DSGVO, wenn auf Grundlage einer<br \/>\nEinwilligung, inkl. Berechtigte Interessen, sofern darauf gest\u00fctzt.<\/p>\n<p>Speicherdauer:<br \/>\nBei Widerruf der Einwilligung, sp\u00e4testens zw\u00f6lf Monate nach der letzten<br \/>\nauf die Einwilligung gest\u00fctzten Datenverwendung.<\/p>\n<p>Betroffenenrechte:<br \/>\nEs besteht ein Recht beim Verantwortlichen auf Auskunft (Art. 15 DSGVO), Berichtigung (Art. 16 DSGVO) oder L\u00f6schung (Art. 17 Abs.1 DSGVO) oder auf Einschr\u00e4nkung der Verarbeitung (Art. 18 DSGVO), Widerspruch (Art. 21 DSGVO) und Daten\u00fcbertragbarkeit (Art. 20 DSGVO). Weiterhin besteht ein Beschwerderecht bei der zust\u00e4ndigen Datenschutzaufsichtsbeh\u00f6rde: Der Landesbeauftragte f\u00fcr Datenschutz und Informationsfreiheit Mecklenburg-Vorpommern.<br \/>\nFalls die Erhebung, Verarbeitung oder Nutzung aufgrund einer Einwilligung erfolgt, besteht das Recht die Einwilligung beim Verantwortlichen jederzeit mit Wirkung f\u00fcr die Zukunft zu widerrufen.<\/p>\n<p>Sonstiges:<br \/>\nDie Bereitstellung personenbezogener Daten ist zum Teil durch Steuervorschriften gesetzlich vorgeschrieben oder kann sich auch aus vertraglichen Regelungen ergeben. Auch k\u00f6nnte es bei einem Vertragsschluss erforderlich sein, dass durch uns personenbezogene Daten verarbeitet werden m\u00fcssen. Die Nichtbereitstellung der personenbezogenen Daten h\u00e4tte zur Folge, dass der Vertrag nicht geschlossen werden kann.<\/p>\n<p><a href=\"https:\/\/s-und-o-ladenbau.com\/start\/wp-content\/uploads\/2018\/09\/Kuendigung-Datenverwendung.pdf\"><strong>R\u00fccknahme der Einwilligung<\/strong><\/a><\/p>\n","protected":false},"excerpt":{"rendered":"<p>S&amp;O Ladenbau Planungs- und Vertriebs GmbH (Anschrift siehe Impressum) nimmt den Schutz Ihrer pers\u00f6nlichen Daten ernst und h\u00e4lt sich strikt an die Regeln der Datenschutzgesetze. Personenbezogene Daten werden auf dieser Webseite nur im technisch notwendigen Umfang erhoben. In keinem Fall werden die erhobenen Daten verkauft oder aus anderen Gr\u00fcnden an Dritte weitergegeben. Die nachfolgende Liste [&hellip;]<\/p>\n","protected":false},"author":1,"featured_media":0,"parent":0,"menu_order":0,"comment_status":"closed","ping_status":"closed","template":"","meta":{"_links_to":"","_links_to_target":""},"_links":{"self":[{"href":"https:\/\/s-und-o-ladenbau.com\/start\/wp-json\/wp\/v2\/pages\/11748"}],"collection":[{"href":"https:\/\/s-und-o-ladenbau.com\/start\/wp-json\/wp\/v2\/pages"}],"about":[{"href":"https:\/\/s-und-o-ladenbau.com\/start\/wp-json\/wp\/v2\/types\/page"}],"author":[{"embeddable":true,"href":"https:\/\/s-und-o-ladenbau.com\/start\/wp-json\/wp\/v2\/users\/1"}],"replies":[{"embeddable":true,"href":"https:\/\/s-und-o-ladenbau.com\/start\/wp-json\/wp\/v2\/comments?post=11748"}],"version-history":[{"count":9,"href":"https:\/\/s-und-o-ladenbau.com\/start\/wp-json\/wp\/v2\/pages\/11748\/revisions"}],"predecessor-version":[{"id":12162,"href":"https:\/\/s-und-o-ladenbau.com\/start\/wp-json\/wp\/v2\/pages\/11748\/revisions\/12162"}],"wp:attachment":[{"href":"https:\/\/s-und-o-ladenbau.com\/start\/wp-json\/wp\/v2\/media?parent=11748"}],"curies":[{"name":"wp","href":"https:\/\/api.w.org\/{rel}","templated":true}]}}